en 3239098 is divided by 13496.
58
What is the remainder when 8572250 is divided by 93?
68
Calculate the remainder when 29675 is divided by 29252.
423
What is the remainder when 116813499 is divided by 2212?
2203
What is the remainder when 259198181 is divided by 238?
235
Calculate the remainder when 507484 is divided by 10862.
7832
What is the remainder when 16378 is divided by 12216?
4162
What is the remainder when 1013094029 is divided by 10?
9
Calculate the remainder when 3745434 is divided by 1277.
1270
What is the remainder when 1490034 is divided by 57298?
286
Calculate the remainder when 47865 is divided by 4329.
246
What is the remainder when 22548 is divided by 1953?
1065
Calculate the remainder when 1966265 is divided by 96.
89
What is the remainder when 1689537 is divided by 520?
57
Calculate the remainder when 2771040 is divided by 1157.
25
What is the remainder when 981890 is divided by 327245?
155
Calculate the remainder when 375874 is divided by 1797.
301
Calculate the remainder when 22298021 is divided by 403.
31
What is the remainder when 137833 is divided by 533?
319
Calculate the remainder when 2452423 is divided by 15.
13
Calculate the remainder when 3477573 is divided by 434664.
261
Calculate the remainder when 305972923 is divided by 11425.
11423
What is the remainder when 13718962 is divided by 2743788?
22
What is the remainder when 4772285 is divided by 94?
93
What is the remainder when 151712 is divided by 2709?
8
Calculate the remainder when 123375 is divided by 123335.
40
What is the remainder when 190650650 is divided by 63550214?
8
What is the remainder when 34800406 is divided by 2202?
2200
Calculate the remainder when 337392 is divided by 2058.
1938
Calculate the remainder when 2042592 is divided by 1323.
1203
Calculate the remainder when 1805365174 is divided by 1175.
1174
What is the remainder when 452191 is divided by 507?
454
Calculate the remainder when 1171809 is divided by 84.
9
What is the remainder when 2357366 is divided by 3362?
604
What is the remainder when 286072 is divided by 15049?
141
What is the remainder when 42259076 is divided by 15?
11
Calculate the remainder when 41242071 is divided by 655.
651
What is the remainder when 72924374 is divided by 28?
26
What is the remainder when 23164317 is divided by 80?
77
What is the remainder when 3761085 is divided by 3262?
3261
What is the remainder when 6556399 is divided by 296?
295
What is the remainder when 5733910 is divided by 43?
32
Calculate the remainder when 5601805 is divided by 18798.
1
What is the remainder when 327811 is divided by 327767?
44
Calculate the remainder when 3233703 is divided by 22.
11
What is the remainder when 4094687 is divided by 61?
1
What is the remainder when 911909 is divided by 75865?
1529
Calculate the remainder when 16690 is divided by 2468.
1882
What is the remainder when 17675838 is divided by 185?
13
What is the remainder when 160010 is divided by 8870?
350
What is the remainder when 354720 is divided by 70764?
900
What is the remainder when 102765602 is divided by 73?
71
What is the remainder when 517944 is divided by 258846?
252
Calculate the remainder when 1640523 is divided by 15190.
3
Calculate the remainder when 2472205 is divided by 91561.
58
What is the remainder when 30713 is divided by 5076?
257
Calculate the remainder when 7506798 is divided by 2.
0
Calculate the remainder when 5558185 is divided by 793998.
199
Calculate the remainder when 636398 is divided by 1295.
553
Calculate the remainder when 282481 is divided by 388.
17
Calculate the remainder when 798230 is divided by 5702.
5652
What is the remainder when 22335 is divided by 4320?
735
What is the remainder when 52687 is divided by 110?
107
Calculate the remainder when 364730 is divided by 2447.
127
Calculate the remainder when 399774 is divided by 60.
54
Calculate the remainder when 14196641 is divided by 30997.
15
What is the remainder when 1199853 is divided by 8?
5
What is the remainder when 152131 is divided by 2531?
271
Calculate the remainder when 109224 is divided by 776.
584
What is the remainder when 3585864 is divided by 358559?
274
What is the remainder when 39480271 is divided by 34?
15
What is the remainder when 137538451 is divided by 241?
233
What is the remainder when 2595871 is divided by 519023?
756
Calculate the remainder when 4052 is divided by 17.
6
Calculate the remainder when 36800984 is divided by 271.
268
Calculate the remainder when 77334 is divided by 1802.
1650
Calculate the remainder when 322431 is divided by 430.
361
Calculate the remainder when 22909007 is divided by 2082636.
11
What is the remainder when 9423895 is divided by 14?
5
What is the remainder when 9788976 is divided by 30880?
16
What is the remainder when 2374286 is divided by 29?
27
What is the remainder when 24387357 is divided by 552?
549
Calculate the remainder when 36569414 is divided by 739.
738
What is the remainder when 5282 is divided by 1969?
1344
Calculate the remainder when 847840 is divided by 1744.
256
What is the remainder when 479238 is divided by 936?
6
What is the remainder when 1970485 is divided by 398?
385
Calculate the remainder when 7499326 is divided by 1889.
1885
What is the remainder when 458820 is divided by 229397?
26
What is the remainder when 12268504 is divided by 34?
12
What is the remainder when 35437363 is divided by 36?
7
Calculate the remainder when 28363782 is divided by 219.
216
What is the remainder when 10239904 is divided by 1186?
1166
Calculate the remainder when 149263 is divided by 73034.
3195
Calculate the remainder when 706845 is divided by 945.
930
Calculate the remainder when 292179 is divided by 1781.
95
What is the remainder when 266428 is divided by 3725?
1953
Calculate the remainder when 778954 is divided by 389469.
16
What is the remainder when 250036 is divided by 5327?
4994
Calculate the remainder when 22757 is divided by 1276.
1065
Calculate the remainder when 573779703 is divided by 8.
7
What is the remainder when 126622 is divided by 41879?
985
What is the remainder when 23869904 is divided by 16917?
17
Calculate the remainder when 5411033 is divided by 5410601.
432
Calculate the remainder when 4770568 is divided by 2146.
10
Calculate the remainder when 17522 is divided by 5446.
1184
Calculate the remainder when 561369 is divided by 104.
81
Calculate the remainder when 14191499 is divided by 7095745.
9
Calculate the remainder when 9333619 is divided by 444453.
106
What is the remainder when 38183 is divided by 18413?
1357
Calculate the remainder when 710395 is divided by 10602.
61
Calculate the remainder when 135576569 is divided by 1370.
1369
Calculate the remainder when 339099 is divided by 1577.
44
Calculate the remainder when 21441192 is divided by 2144118.
12
What is the remainder when 1109519 is divided by 4996?
407
Calculate the remainder when 646211 is divided by 4245.
971
What is the remainder when 76738 is divided by 785?
593
Calculate the remainder when 179759 is divided by 299.
60
Calculate the remainder when 97059766 is divided by 206.
188
Calculate the remainder when 28550442 is divided by 7.
4
What is the remainder when 1604714168 is divided by 619?
617
What is the remainder when 335728 is divided by 37299?
37
Calculate the remainder when 2931819 is divided by 80.
59
Calculate the remainder when 4455107 is divided by 1162.
1161
Calculate the remainder when 1154256 is divided by 19.
6
What is the remainder when 524023 is divided by 261842?
339
What is the remainder when 27105581 is divided by 56?
13
Calculate the remainder when 848675 is divided by 207.
182
What is the remainder when 2414272 is divided by 482841?
67
Calculate the remainder when 7535072 is divided by 41630.
42
What is the remainder when 35717026 is divided by 1284?
1282
Calculate the remainder when 8493069 is divided by 168.
165
Calculate the remainder when 6523339 is divided by 138.
79
What is the remainder when 370307 is divided by 61705?
77
What is the remainder when 275507 is divided by 30525?
782
Calculate the remainder when 398507 is divided by 7439.
4240
What is the remainder when 18325798 is divided by 225?
223
What is the remainder when 338061 is divided by 3455?
2926
What is the remainder when 55316